 hundred thousands digit of 275019714?
0
What is the ten thousands digit of 1502733381?
3
What is the ten thousands digit of 2918101781?
0
What is the ten millions digit of 214142562?
1
What is the hundreds digit of 400839240?
2
What is the thousands digit of 186541630?
1
What is the millions digit of 693169567?
3
What is the thousands digit of 779882582?
2
What is the hundred millions digit of 220536774?
2
What is the ten thousands digit of 84115632?
1
What is the ten millions digit of 51774975?
5
What is the ten thousands digit of 284845612?
4
What is the tens digit of 70356066?
6
What is the ten thousands digit of 7225157279?
5
What is the ten millions digit of 10047517?
1
What is the hundreds digit of 738335397?
3
What is the hundred thousands digit of 1037330642?
3
What is the millions digit of 919770464?
9
What is the thousands digit of 178704805?
4
What is the units digit of 305687522?
2
What is the billions digit of 8731308011?
8
What is the ten millions digit of 473147109?
7
What is the billions digit of 1188760601?
1
What is the hundreds digit of 94016961?
9
What is the ten thousands digit of 8764386940?
8
What is the hundred thousands digit of 333352112?
3
What is the hundreds digit of 115137593?
5
What is the tens digit of 42542503?
0
What is the hundred thousands digit of 3739502651?
5
What is the hundreds digit of 1141473569?
5
What is the units digit of 38326469?
9
What is the thousands digit of 54205789?
5
What is the thousands digit of 1117476398?
6
What is the millions digit of 1360356670?
0
What is the units digit of 267394414?
4
What is the thousands digit of 8178145?
8
What is the hundreds digit of 1131012347?
3
What is the hundred millions digit of 354363269?
3
What is the millions digit of 173283041?
3
What is the hundred thousands digit of 48529510?
5
What is the ten thousands digit of 110407293?
0
What is the tens digit of 220949123?
2
What is the ten thousands digit of 1066138362?
3
What is the thousands digit of 252611990?
1
What is the billions digit of 5592413266?
5
What is the hundreds digit of 1194914281?
2
What is the billions digit of 1684121004?
1
What is the hundred thousands digit of 4210439438?
4
What is the millions digit of 42586716?
2
What is the ten millions digit of 734006290?
3
What is the tens digit of 1218557824?
2
What is the thousands digit of 3530870721?
0
What is the tens digit of 322071892?
9
What is the hundreds digit of 2230582296?
2
What is the units digit of 1835679371?
1
What is the tens digit of 34732108?
0
What is the ten millions digit of 38306986?
3
What is the millions digit of 6645105972?
5
What is the tens digit of 1262523166?
6
What is the thousands digit of 150742566?
2
What is the hundred thousands digit of 34990956?
9
What is the hundreds digit of 9184307?
3
What is the hundreds digit of 53727467?
4
What is the units digit of 19114225?
5
What is the thousands digit of 4884426646?
6
What is the units digit of 32250946?
6
What is the tens digit of 58270700?
0
What is the units digit of 1922910248?
8
What is the tens digit of 191587310?
1
What is the thousands digit of 34427210?
7
What is the ten thousands digit of 2845913331?
1
What is the ten thousands digit of 182708359?
0
What is the hundreds digit of 945264083?
0
What is the tens digit of 5979583?
8
What is the units digit of 2374197783?
3
What is the thousands digit of 860353889?
3
What is the hundred thousands digit of 2985564791?
5
What is the thousands digit of 58365708?
5
What is the millions digit of 30754476?
0
What is the billions digit of 1065456673?
1
What is the hundred thousands digit of 3922458947?
4
What is the units digit of 272672120?
0
What is the thousands digit of 1272559767?
9
What is the units digit of 1325340602?
2
What is the thousands digit of 528658685?
8
What is the ten millions digit of 41098035?
4
What is the millions digit of 1042046066?
2
What is the tens digit of 228511133?
3
What is the ten thousands digit of 841665881?
6
What is the units digit of 19430174?
4
What is the tens digit of 47645848?
4
What is the hundred millions digit of 194112947?
1
What is the hundreds digit of 127266036?
0
What is the thousands digit of 2308296559?
6
What is the ten millions digit of 22301920?
2
What is the tens digit of 7219841180?
8
What is the ten thousands digit of 1535216793?
1
What is the hundred thousands digit of 10676011?
6
What is the hundred thousands digit of 15562538?
5
What is the hundreds digit of 41489390?
3
What is the hundred thousands digit of 33492989?
4
What is the tens digit of 4679562151?
5
What is the millions digit of 334660434?
4
What is the millions digit of 2485544868?
5
What is the ten thousands digit of 721371585?
7
What is the hundreds digit of 3262032087?
0
What is the hundred thousands digit of 783777523?
7
What is the thousands digit of 779369056?
9
What is the hundreds digit of 10580600?
6
What is the thousands digit of 4196373?
6
What is the millions digit of 411349760?
1
What is the millions digit of 62260501?
2
What is the hundred thousands digit of 47191065?
1
What is the thousands digit of 1385762245?
2
What is the hundred millions digit of 866222058?
8
What is the ten millions digit of 2539211119?
3
What is the ten millions digit of 2875836412?
7
What is the ten thousands digit of 347352215?
5
What is the thousands digit of 501213828?
3
What is the units digit of 3765036547?
7
What is the hundreds digit of 410600685?
6
What is the millions digit of 420012289?
0
What is the millions digit of 763380320?
3
What is the tens digit of 4715071852?
5
What is the hundred millions digit of 240950007?
2
What is the hundred thousands digit of 70934066?
9
What is the ten thousands digit of 2388657326?
5
What is the thousands digit of 17205044?
5
What is the thousands digit of 2070279397?
9
What is the hundred thousands digit of 60583950?
5
What is the hundred millions digit of 3449700911?
4
What is the units digit of 4361688576?
6
What is the hundred thousands digit of 42720086?
7
What is the ten thousands digit of 526099061?
9
What is the hundreds digit of 3148707241?
2
What is the hundred millions digit of 3678994467?
6
What is the hundred millions digit of 1786424911?
7
What is the tens digit of 1871914679?
7
What is the hundreds digit of 65986501?
5
What is the ten millions digit of 76567631?
7
What is the millions digit of 48349134?
8
What is the millions digit of 854268326?
4
What is the tens digit of 31655469?
6
What is the hundred millions digit of 697635419?
6
What is the ten thousands digit of 187339860?
3
What is the billions digit of 1906431088?
1
What is the ten millions digit of 972120153?
7
What is the thousands digit of 446532743?
2
What is the tens digit of 108535383?
8
What is the hundred thousands digit of 112005744?
0
What is the ten thousands digit of 20980147?
8
What is the thousands digit of 41190863?
0
What is the ten thousands digit of 513877965?
7
What is the units digit of 424159374?
4
What is the ten thousands digit of 4490193388?
9
What is the ten millions digit of 21591533?
2
What is the millions digit of 203826320?
3
What is the hundred thousands digit of 436016174?
0
What is the hundred millions digit of 400042326?
4
What is the units digit of 756458892?
2
What is the thousands digit of 311828830?
8
What is the units digit of 46225210?
0
What is the hundred thousands digit of 65161839?
1
What is the hundred thousands digit of 94026718?
0
What is the millions digit of 238491364?
8
What is the hundred thousands digit of 32964666?
9
What is the tens digit of 420519129?
2
What is the thousands digit of 1295032305?
2
What is the hundred thousands digit of 806798488?
7
What is the hundred thousands digit of 343760277?
7
What is the ten millions digit of 1564413272?
6
What is the hundred millions digit of 144186943?
1
What is the thousands digit of 1659352021?
2
What is the ten millions digit of 3572646130?
7
What is the billions digit of 1791640866?
1
What is the thousands digit of 96727471?
7
What is the tens digit of 1798026?
2
What is the hundreds digit of 821138102?
1
What is the tens digit of 4428458?
5
What is the units digit of 140995394?
4
What is the tens digit of 5647089423?
2
What is the ten millions digit of 781340231?
8
What is the hundred m